= 0. Let i = r + -30. What is the units digit of i?
7
Let y = 11024 - 7411. What is the units digit of y?
3
Let w(b) = b**2 + 12*b - 13. Let i be w(-13). Suppose i = 4*c - 4*q - 252, 5*c - 246 - 72 = 2*q. What is the units digit of c?
4
Let t(j) = -j**3 - 7*j**2 + 3*j + 21. Let a be t(-7). Suppose a = -21*y + 2780 + 1630. What is the hundreds digit of y?
2
Suppose -c = 3*q + 873, 0 = 3*c + c. Let b be (1/(-3))/(1/q). Suppose -5*t = -0*t + 5*l - 85, 5*t - l = b. What is the units digit of t?
9
What is the tens digit of 2 - (-5 - 996/4)?
5
What is the hundreds digit of (-1)/9 + 170200/414?
4
Let u(j) = 2*j**2 - 7*j + 7. Let r be u(1). What is the units digit of ((-6)/(-4))/(r + 26/(-16))?
4
Let c(f) = 49*f**2 - 11*f - 25. What is the units digit of c(-3)?
9
Suppose 2*f + 0*f + 4*t = 290, -4*f - 4*t = -592. Suppose q = -24 + f. What is the units digit of q?
7
Suppose -6 = 4*g - g, 5*g = -2*l - 6. Suppose l*y + 129 = 5*y. What is the tens digit of y?
4
Suppose -2*y - 267 = -n, 4*n - 3*y - 535 = 2*n. What is the tens digit of n?
6
What is the tens digit of (55/15*1)/(1/249)?
1
Let b(m) = -2*m + 5 - 5 + 11 + 2. Let c(x) = -x**3 + 6*x**2 + x - 6. Let v be c(6). What is the units digit of b(v)?
3
Let j be (-2)/9 + (-3956)/18. Let y be (6 - (-119)/(-21))/(2/(-18)). What is the units digit of j/(-4) - (y - 1)?
9
Let l be (-1)/(-1) - (-15 + -6 + 0). Suppose -540 = 17*h - l*h. What is the tens digit of h?
0
Let v(o) = -2*o - 33. Let t = -68 + 49. What is the units digit of v(t)?
5
Let h = -3470 + 6182. What is the thousands digit of h?
2
Suppose 0 = -0*b - b + 4. Suppose 0 = 4*v + b, 97 = 2*o + 2*v - 127. Suppose 3*t - o + 2 = 0. What is the tens digit of t?
3
Let c(f) = -4*f + 35. Let a be c(8). Let p(w) = w**2 - 1 - 1 + w**2 + 2*w. What is the units digit of p(a)?
2
Let j(f) = f**2 + 8*f + 249. What is the hundreds digit of j(0)?
2
Let x be (-48)/(-3 + (-21)/(-6)). Let g be x/(-8)*(-1)/(-3). What is the units digit of 1/((12/g)/9)?
3
Let x = -18 + 9. Let i be 3/(x/(-6)) - 0. Suppose 3*f - 5*h = -3*h - 7, 0 = -i*f - 2*h + 12. What is the units digit of f?
1
Let p(l) = l**2 + 15*l. Let w be p(-12). Let j = w - -40. Suppose 0*y - 2*y + 31 = 3*s, j*y - 5*s = 29. What is the tens digit of y?
1
Suppose 27 + 101 = 4*z - p, 0 = 2*z - 5*p - 64. Let o = 579 - 574. Let n = z - o. What is the tens digit of n?
2
Suppose 36*y - 174 - 78 = 0. Let v = -144 - -212. Suppose y*i - v = 3*i. What is the units digit of i?
7
Let r(c) = -2*c**2 - 42*c - 13. Let j be r(-20). Suppose -i + j = -62. What is the tens digit of i?
8
Let g be (-10)/(-4)*((16 - 4) + -18). Let l = -39 - -72. Let j = l - g. What is the units digit of j?
8
Suppose 3*n = 3*l + 42, 5*l + 68 = 4*n + 8. Let v be (20/(-6))/(n/(-15)). Suppose -4*s = 8, -v*d - s + 117 = 3*s. What is the units digit of d?
5
Let g(h) = 202*h**2 - 1. What is the units digit of g(-1)?
1
Suppose 4*v - 455 = 345. Suppose -3*y - 76 - v = -4*t, 0 = 5*y - 20. What is the tens digit of t?
7
Suppose 0 = -2*z + 5*w + 51, 3*z - 5*w = -0*z + 69. Suppose -z = -2*u - 4*u. Suppose -91 = u*m - 244. What is the tens digit of m?
5
Let y(d) = -d**3 + 60. Let w be y(0). Let q = w + 4. Suppose 0 = -4*b - 3*g + q - 2, 3*g = -5*b + 76. What is the tens digit of b?
1
Suppose 10*l = 2*l. Suppose 17*f - 4*f - 2548 = l. What is the units digit of f?
6
Let z = -24 + 43. Let p = 37 - z. Suppose x + 2*t - 4 = 3, 4*x - 2*t - p = 0. What is the units digit of x?
5
Let w(c) = 206*c**2 - 25*c + 85. What is the tens digit of w(3)?
6
Let u = 198 + 99. What is the tens digit of u?
9
Suppose 5*k + 15 + 0 = 0. What is the tens digit of 596/(-24)*k + 1/2?
7
What is the hundreds digit of (-21720)/(-14) - 48/112?
5
Let p(f) = -f + 9. Let g be p(4). Suppose 0 = -q + g*q + 12. What is the units digit of 1/((-5 - -4)/q)?
3
Suppose -2239 = 44*o - 10819. What is the units digit of o?
5
Let t = -688 - -1112. What is the hundreds digit of t?
4
Let b(f) = f**2 + 5. Let y(z) = 3 - 11*z - 3 + 10*z. Let m be y(6). What is the tens digit of b(m)?
4
Let r be 448/80*(-11 + 1). Let n = 87 - r. What is the hundreds digit of n?
1
Suppose 16*z - 15825 = -9*z. What is the hundreds digit of z?
6
Let u be (-2 - 0)*15/2. Let y = -8 - u. What is the units digit of 201/y - (-12)/42?
9
Let r be 1/((-2)/3*2/(-180)). Suppose 5*l = 70 + r. What is the units digit of l?
1
Suppose -4*u + 24 + 48 = -2*a, 5*a = u - 36. Let z be (-362)/(-8) - 3/12. Suppose u - z = -k. What is the units digit of k?
9
Suppose -14*p = -17*p + 15. Suppose -153 = -p*w - 3*x, -5*w - 28 + 209 = -4*x. What is the units digit of w?
3
Let b(t) = 13*t**3 + 31*t**2 - 5*t + 29. Let k(d) = -7*d**3 - 16*d**2 + 2*d - 15. Let v(l) = 6*b(l) + 11*k(l). What is the units digit of v(-10)?
9
Suppose 0*h - 2*d - 6497 = -3*h, 0 = 5*h + 4*d - 10799. What is the units digit of h?
3
Let t(b) = 43*b**2 + 6*b - 13. What is the tens digit of t(3)?
9
Suppose -8*n + 16*n = 0. Suppose 0 = -4*i - 1 + 9. Suppose -2*g + 4*k + 20 = n, -i = 3*g + k - 53. What is the tens digit of g?
1
Let q be 6/((-36)/(-21))*26. Let d = 226 - q. What is the units digit of d?
5
Let n be ((-123 - -2) + 2)*1. Let o = -71 - n. What is the units digit of o?
8
Let f be (-1432)/(-10) - 7/35. Suppose 0 = -x + 4*v + 55 - 22, 3*x - f = v. What is the tens digit of x?
4
Let r(w) = w**3 + 8*w**2 + 5*w + 2. Let y be -5*1 + 1 + -1 + -1. What is the units digit of r(y)?
4
Let l = -192 - -293. Let k = 196 - l. What is the units digit of k?
5
Let i be (-1)/(-5) - (-89)/5. Suppose 0 = -4*m - 4*f - 72, -i = -5*m + 4*f - 90. Let r = 30 + m. What is the units digit of r?
4
Let r = 1568 - 870. What is the units digit of r?
8
Let m be 0 - (-2 + 2 + -5). Suppose 0 = t - m + 1. Suppose -t*w + 2*w = -3*u + 64, -5*u + 110 = -5*w. What is the tens digit of u?
2
Let k(q) = -1. Let i(f) = -3 + 21*f + 13*f - 12*f. Let o(v) = i(v) - 4*k(v). What is the units digit of o(1)?
3
Suppose 6*l - 968 = -14. What is the hundreds digit of l?
1
Suppose -117*n + 120*n + 558 = 0. Let x = n - -344. What is the hundreds digit of x?
1
Let y be (-1)/((-36)/39 - -1). Let x = 13 + y. Suppose m + 0*m - 4*k - 11 = 0, x = 5*m - 5*k - 130. What is the units digit of m?
1
Let q(u) = -u**3 - 6*u**2 + 4. Let k be q(-6). Suppose -2*n + 2*h - 9 = -3*n, 67 = 3*n - k*h. What is the tens digit of n?
1
Let a = 160 - 38. Let i = 205 - a. What is the units digit of i?
3
Let q(a) be the second derivative of -a**3 + 7*a**2 - 2*a. Let w be q(-10). Suppose 0 = 2*s + 4*y - 3*y - 23, -5*s = -3*y - w. What is the units digit of s?
3
Suppose 8 = 3*m - 2*m. Suppose m + 0 = 4*a. Let v = a + 11. What is the tens digit of v?
1
Suppose 4*g = -3*l + 38, -l - 8 = -2*g - 34. Suppose 0 = 4*q + p + 21, -p = -3*q - 17 + 3. Let y = l - q. What is the tens digit of y?
2
Let s = 8 + -10. Let p be s/(-9) - (-1162)/(-126). What is the tens digit of (-133)/p + 4/18?
1
Let b(l) = 13*l**3 + l**2 - 1. Suppose 7 = 6*s + 1. What is the units digit of b(s)?
3
Let u be (1 - 20/(-4)) + -2. Suppose 105 = -h + u*h + 3*v, 3*v = 5*h - 175. What is the units digit of h?
5
What is the hundreds digit of -62*(-16 + 3)/(4/10)?
0
Let b(n) = -2 + 8 - 7 + n**3 + 14*n**2 - 7. What is the tens digit of b(-4)?
5
Let u(y) = 31*y**2 - 9*y - 35. What is the hundreds digit of u(11)?
6
What is the units digit of -128*(1034/4)/(-11)?
8
Let n = -320 + 608. What is the hundreds digit of n?
2
What is the units digit of -6 - 11/(-2)*14?
1
Let q be 6/(144/(-114)) + (-2)/8. What is the units digit of -1*q/20 + 454/8?
7
Let h = -11 - 3. Suppose 31*c = 26*c - 10. Let t = c - h. What is the units digit of t?
2
Let k(q) be the second derivative of q**3/6 - 3*q**2/2 - 7*q. Let c be k(8). What is the tens digit of (c/(-15))/(1/(-192))?
6
Let a(t) = -2*t - 2. Let k(l) = -l. Let c(n) = a(n) - 4*k(n). Let z be c(2). Suppose 0 = g + z*g - 57. What is the units digit of g?
9
Suppose 5*l = 5*i + 1615, -4*l - 3*i + 1278 = -0*i. What is the hundreds digit of l?
3
Let a be ((-20)/12)/(5/(-6)). Suppose -a*j + 18 = -4. Suppose 0 = 6*n - j*n + 185. What is the units digit of n?
7
Let y(m) = -m. Let b(t) = -15*t - 2. Let x(z) = -b(z) + 6*y(z). Let p(d) = d + 1. Let s be p(2). What is the tens digit of x(s)?
2
Let b = -7 - -9. Suppose 10 = b*n + 3*n. What is the units digit of (n/3)/(1/21)?
4
Let d(u) = 2*u**2 -